what is 16a - 46d769?
-46d5dd
In base 13, what is -91181 + -182?
-91333
In base 5, what is -3 + -3413103441?
-3413103444
In base 6, what is 2 + -100350502?
-100350500
In base 8, what is 124 - -3274136?
3274262
In base 4, what is 133 + 23101231300?
23101232033
In base 2, what is -10001010101001101010 - -1111001?
-10001010100111110001
In base 9, what is -246733178 + -1?
-246733180
In base 2, what is 11011100111111011100 + -10011101?
11011100111100111111
In base 5, what is -410033 - 22410?
-432443
In base 14, what is 26 + -1c8dd0?
-1c8da8
In base 9, what is 1825686 - 24?
1825662
In base 7, what is 323 - -34520536?
34521162
In base 16, what is 13319 - ca9?
12670
In base 2, what is 11000 + 111001011100000010?
111001011100011010
In base 7, what is 10114 - -1314636?
1325053
In base 9, what is -4 - 158345363?
-158345367
In base 15, what is -148aa + 14b?
-1475e
In base 8, what is 156460112 + -6?
156460104
In base 12, what is 1 - 48644b41?
-48644b40
In base 16, what is -2 - 7744efa?
-7744efc
In base 16, what is 1526fc + -4?
1526f8
In base 9, what is -800163365 - 2?
-800163367
In base 12, what is 6 + -1873766?
-1873760
In base 9, what is -30813 + -344?
-31257
In base 4, what is -12103 + 1100200?
1022031
In base 5, what is 131311334 + 33?
131311422
In base 15, what is -de50 + 3c?
-de13
In base 15, what is 36c6 + -351?
3375
In base 10, what is 13 - 155024?
-155011
In base 7, what is 0 + -641426263?
-641426263
In base 6, what is -205145135 - 12?
-205145151
In base 9, what is -77860 - -3422?
-74437
In base 15, what is -9 - 2cac60?
-2cac69
In base 2, what is -10001111111011100 + -111110011111?
-10010111101111011
In base 3, what is 2022 + -1120222110011?
-1120222100212
In base 2, what is 10111110100010010001 - 10011?
10111110100001111110
In base 3, what is -102012221102 - -2022110?
-102010121222
In base 4, what is -1332002032 - 122?
-1332002220
In base 13, what is -2 - -4cc976?
4cc974
In base 3, what is 2222100 - 1001001?
1221022
In base 15, what is -18359 - -1e?
-1833a
In base 2, what is 1101111011 + -1001010000110111000?
-1001001111000111101
In base 14, what is 133950 - 4?
13394a
In base 2, what is 1001100001100001010001101 + 11111?
1001100001100001010101100
In base 2, what is -111001010110011001 - 110011100?
-111001011100110101
In base 7, what is -330130322 - -2?
-330130320
In base 14, what is -2 + 37dc89b?
37dc899
In base 6, what is 21 - -122202005?
122202030
In base 14, what is -3 - -1aa06b?
1aa068
In base 12, what is 5b1 + 13a34?
14425
In base 5, what is -20213 - 232212?
-302430
In base 9, what is -50 + -48740?
-48800
In base 10, what is -4436893 + -5?
-4436898
In base 7, what is -6205633 + 122?
-6205511
In base 2, what is -111001011100100 - -1010001?
-111001010010011
In base 14, what is 3 - 8cc7d?
-8cc7a
In base 5, what is -401 - -10004232?
10003331
In base 14, what is 2 - -1083232?
1083234
In base 15, what is 8 - -18c3c08?
18c3c11
In base 2, what is -101010100100101 - 10101?
-101010100111010
In base 10, what is -107 + 1403237?
1403130
In base 12, what is -117508a4 - 1?
-117508a5
In base 9, what is 27 - -41887?
42025
In base 4, what is -2 - 1200321103?
-1200321111
In base 16, what is 3a6 - -f5fe?
f9a4
In base 8, what is 427713453 + -4?
427713447
In base 7, what is -514 + -1020421?
-1021235
In base 16, what is -3e + -57bb?
-57f9
In base 10, what is -190 + -68141?
-68331
In base 2, what is -10011000110111 + -10101000101?
-10101101111100
In base 3, what is 211022 + -212021110?
-211110011
In base 8, what is 14 + -37574217?
-37574203
In base 14, what is 71d966c - 5?
71d9667
In base 3, what is 2120220 - -1212111?
11110101
In base 4, what is -10 - 1233221031?
-1233221101
In base 2, what is 1101110000 + -10000100010110110111?
-10000100001001000111
In base 5, what is 12422044234 - 0?
12422044234
In base 10, what is 1551179 + -77?
1551102
In base 14, what is ccccd + -b?
cccc2
In base 2, what is 11100000001 - 110000011011010?
-101100111011001
In base 12, what is -4 + 13952462?
1395245a
In base 12, what is -8204 + -431?
-8635
In base 4, what is 1 + -10010110100?
-10010110033
In base 14, what is -2 - -2461c68c?
2461c68a
In base 5, what is 3210100 + -11400?
3143200
In base 3, what is 120101011 + 11121?
120112202
In base 13, what is 200a - 3c74?
-1c67
In base 7, what is -260100 - 102?
-260202
In base 5, what is 22111241 + -4141?
22102100
In base 6, what is 344425552 + 0?
344425552
In base 14, what is 9d02 + 315?
a217
In base 6, what is -10 - 3220525041?
-3220525051
In base 14, what is -937 - -4779?
3c42
In base 16, what is -3363cf7 + 4?
-3363cf3
In base 2, what is 11010110100101 + -100101010110000?
-1010100001011
In base 6, what is 1113211 - -30350?
1144001
In base 8, what is 1 - 41343340?
-41343337
In base 6, what is -124501 - 121042?
-245543
In base 13, what is -2a497 - 2a?
-2a4c4
In base 12, what is 23b391 + 1?
23b392
In base 7, what is 1 - -1545255606?
1545255610
In base 15, what is -314 - -b058?
ac44
In base 5, what is -101300 + 23040?
-23210
In base 6, what is -3 + 10205020232?
10205020225
In base 12, what is 2a629 + 270?
2a899
In base 5, what is -1102424120 - 414?
-1102430034
In base 6, what is -1 - -21200320?
21200315
In base 4, what is 23321 + 2110133?
2200120
In base 3, what is -21000210101 - 1010?
-21000211111
In base 6, what is -43 + 322302040?
322301553
In base 2, what is 1 + 100111011000110111010?
100111011000110111011
In base 3, what is -120120210211012 + 1220?
-120120210202022
In base 14, what is -1976cd - 8?
-1976d7
In base 4, what is -103211230302310 + 3?
-103211230302301
In base 13, what is 10b874 - -16?
10b88a
In base 10, what is -1670 - 92199?
-93869
In base 7, what is -2 - 120636334?
-120636336
In base 14, what is -37b7 + 7b04?
432b
In base 12, what is 118 - a03343?
-a03227
In base 10, what is -63 - 251163?
-251226
In base 8, what is -700 + 323631?
322731
In base 6, what is -3325413304 - 32?
-3325413340
In base 13, what is 754c9 - 127?
753a2
In base 9, what is -24726 - 140?
-24866
In base 7, what is -3222110 - -236?
-3221541
In base 9, what is -8063 - 7?
-8071
In base 7, what is 43 + -5015541?
-5015465
In base 9, what is -6 + 134115685?
134115678
In base 6, what is -113 + 500551442?
500551325
In base 3, what is 212002100 - -202100?
212211200
In base 8, what is -12534544 + -10?
-12534554
In base 14, what is -3 - 417699?
-41769c
In base 10, what is -632893386 + 2?
-632893384
In base 4, what is 10233021 + -13021133?
-2122112
In base 16, what is -88 - 58553?
-585db
In base 2, what is -110001111101000100 - -110010010011?
-110001001010110001
In base 11, what is 51252 + 374?
51616
In base 11, what is 3 + -63865308?
-63865305
In base 16, what is -1b9 + -19c8?
-1b81
In base 7, what is -44333 - -6610?
-34423
In base 6, what is -4312433 - 1545?
-4314422
In base 14, what is -36b200 - -ab?
-36b133
In base 9, what is -2555257 + 7?
-2555250
In base 15, what is -3 - -2ea321?
2ea31d
In base 10, what is 2178 - 105?
2073
In base 13, what is 79218c - 2?
79218a
In base 15, what is -4 - 1c1ba6?
-1c1baa
In base 9, what is -10 - -382480?
382470
In base 13, what is aaaa1 + -2c?
aaa72
In base 5, what is 1330412110 - -141?
1330412301
In base 3, what is -20112120111 + 221120?
-20111121221
In base 7, what is -13411336413 + 1?
-13411336412
In base 13, what is 1a546b9 - -2?
1a546bb
In base 12, what is -19 + -51482?
-5149b
In base 15, what is 944 - -917b?
9ac0
In base 14, what is c73 - -590?
1423
In base 9, what is -2 + 6834005?
6834003
In base 5, what is -3203 + -421023?
-424231
In base 11, what is -25 + -14a77a?
-14a7a4
In base 3, what is -21011122010222001101 - 10?
-21011122010222001111
In base 5, what is 4 - 204332023?
-204332014
In base 14, what is 554b5 + -24?
55491
In base 3, what is -11220222 + -1022121?
-20020120
In base 13, what is -53 - -269c6?
26973
In base 6, what is -433502 + -13123?
-451025
In base 4, what is -232333 - 13130?
-312123
In base 11, what is 49 + 364a75?
365013
In base 5, what is -1100231 + 1220?
-1044011
In base 10, what is -28 - 1325731?
-1325759
In base 12, what is -9 - 31775?
-31782
In base 9, what is 48236564 - 3?
48236561
In base 9, what is -8476005 - -36?
-8475858
In base 7, what is 4201 - 103031?
-65530
In base 15, what is -3 - 13b8c7?
-13b8ca
In base 6, what is 5343051 - 34?
5343013
In base 15, what is 9 + 8b9a34?
8b9a3d
In base 6, what 